{"id":542,"date":"2013-11-11T09:05:46","date_gmt":"2013-11-11T09:05:46","guid":{"rendered":"http:\/\/www.mercedespuertareal.com\/?page_id=542"},"modified":"2025-08-28T07:35:14","modified_gmt":"2025-08-28T07:35:14","slug":"nuestra-senora-de-las-mercedes","status":"publish","type":"page","link":"https:\/\/puertareal.ihermandad.es\/?page_id=542","title":{"rendered":"Nuestra Se\u00f1ora de las Mercedes Coronada"},"content":{"rendered":"\t\t<div data-elementor-type=\"wp-page\" data-elementor-id=\"542\" class=\"elementor elementor-542\" data-elementor-post-type=\"page\">\n\t\t\t\t<div class=\"elementor-element elementor-element-8a8b97d e-flex e-con-boxed e-con e-parent\" data-id=\"8a8b97d\" data-element_type=\"container\" data-e-type=\"container\">\n\t\t\t\t\t<div class=\"e-con-inner\">\n\t\t\t\t<div class=\"elementor-element elementor-element-e49e076 elementor-widget elementor-widget-heading\" data-id=\"e49e076\" data-element_type=\"widget\" data-e-type=\"widget\" data-widget_type=\"heading.default\">\n\t\t\t\t\t<h2 class=\"elementor-heading-title elementor-size-default\">Nuestra Se\u00f1ora de las Mercedes<\/h2>\t\t\t\t<\/div>\n\t\t\t\t\t<\/div>\n\t\t\t\t<\/div>\n\t\t<div class=\"elementor-element elementor-element-1923ee6 e-flex e-con-boxed e-con e-parent\" data-id=\"1923ee6\" data-element_type=\"container\" data-e-type=\"container\">\n\t\t\t\t\t<div class=\"e-con-inner\">\n\t\t<div class=\"elementor-element elementor-element-796e695 e-con-full e-flex e-con e-child\" data-id=\"796e695\" data-element_type=\"container\" data-e-type=\"container\">\n\t\t\t\t<div class=\"elementor-element elementor-element-a13439a elementor-widget elementor-widget-heading\" data-id=\"a13439a\" data-element_type=\"widget\" data-e-type=\"widget\" data-widget_type=\"heading.default\">\n\t\t\t\t\t<h2 class=\"elementor-heading-title elementor-size-default\">Referencia hist\u00f3rica<\/h2>\t\t\t\t<\/div>\n\t\t\t\t<div class=\"elementor-element elementor-element-2f74cdd elementor-widget__width-initial elementor-widget elementor-widget-text-editor\" data-id=\"2f74cdd\" data-element_type=\"widget\" data-e-type=\"widget\" data-widget_type=\"text-editor.default\">\n\t\t\t\t\t\t\t\t\t<p>Titular de la Hermandad y de la Capilla, Patrona del barrio de la Puerta Real. Esta imagen debe su aspecto actual a Lu\u00eds \u00c1lvarez Duarte, quien la remodel\u00f3 sustancialmente en 1969 cuando este artista contaba la jovenc\u00edsima edad de 20 a\u00f1os, adquiriendo entonces la fisonom\u00eda que hoy ofrece. La restaur\u00f3 nuevamente en el 2000.<\/p><p>En su precedente aspecto era de autor desconocido, m\u00e1s devota que art\u00edstica, pero con una cierta e ingenua dulzura. Tiene tama\u00f1o menor del natural. Va un poco inclinada hacia adelante como las Dolorosas de Semana Santa, pero con expresi\u00f3n sonriente y grandes ojos negros, que destacan mucho dentro del menudo \u00f3valo de su cara.<\/p><p>Destaca el detalle importante de que es una de las pocas V\u00edrgenes de Gloria procesionales que no muestran al Ni\u00f1o Jes\u00fas en sus brazos. En la delantera del paso s\u00ed aparece un Ni\u00f1o exento; su cabeza fue tambi\u00e9n renovada por Duarte, pero ni en tama\u00f1o ni en estilo se corresponde con la figura de la Virgen.<\/p><p>La gran devoci\u00f3n que suscita, se apoya sobre la circunstancia de que su capilla constituye uno de los escasos \u00abtabern\u00e1culos p\u00fablicos\u00bb que a\u00fan quedan en nuestra ciudad, siendo a su barrio lo mismo que la Pura y Limpia al Postigo.<\/p><p>Restauraciones: En 2000 el Convenio con la Caja San Fernando otorg\u00f3 una ayuda de 200.000 pts. y \u00c1lvarez Duarte vuelve a intervenir en la imagen para un proceso estrictamente de resanamiento y conservaci\u00f3n. Tras dos meses de duraci\u00f3n, las tareas quedaron concluidas el 12 de septiembre, con antelaci\u00f3n suficiente para los cultos de la Virgen, justo cuando el d\u00eda 24 se le iba a imponer la medalla de oro de la Ciudad.<\/p>\t\t\t\t\t\t\t\t<\/div>\n\t\t\t\t<div class=\"elementor-element elementor-element-f24ddf3 elementor-widget elementor-widget-heading\" data-id=\"f24ddf3\" data-element_type=\"widget\" data-e-type=\"widget\" data-widget_type=\"heading.default\">\n\t\t\t\t\t<h2 class=\"elementor-heading-title elementor-size-default\">Iconograf\u00eda<\/h2>\t\t\t\t<\/div>\n\t\t\t\t<div class=\"elementor-element elementor-element-2e9c898 elementor-widget__width-initial elementor-widget elementor-widget-text-editor\" data-id=\"2e9c898\" data-element_type=\"widget\" data-e-type=\"widget\" data-widget_type=\"text-editor.default\">\n\t\t\t\t\t\t\t\t\t<div class=\"twelve columns content-item-class content-item-class-0 mb45\"><p>La Sant\u00edsima Virgen aparece de pie con las manos abiertas, en la t\u00edpica posici\u00f3n de las dolorosas. En la mano derecha porta el cetro y en la izquierda habitualmente el rosario y una azucena. Aparece ataviada con corona, r\u00e1faga y media luna.<\/p><p>Hasta el a\u00f1o 2013, la Virgen carec\u00eda de los atributos propios de la iconograf\u00eda de la Merced que por influjo quiz\u00e1 de las mismas dolorosas de Semana Santa, esta efigie abandon\u00f3 a finales de los a\u00f1os 60.<\/p><p>Durante la salida procesional la Virgen lleva el escapulario mercedario, escapulario de mano, manto blanco y en su mano izquierda, unos grilletes. Al reservarse estos elementos para el d\u00eda de la procesi\u00f3n, el resto del a\u00f1o la Virgen aparece vestida con el resto del ajuar que posee en diferente tonalidades seg\u00fan el tiempo lit\u00fargico y sin perder por lo menos el escapulario de mano en el lado derecho y los grilletes en el izquierdo.<\/p><\/div>\t\t\t\t\t\t\t\t<\/div>\n\t\t\t\t<\/div>\n\t\t<div class=\"elementor-element elementor-element-7757b52 e-con-full e-flex e-con e-child\" data-id=\"7757b52\" data-element_type=\"container\" data-e-type=\"container\">\n\t\t\t\t<div class=\"elementor-element elementor-element-5d4e95f elementor-widget__width-inherit elementor-widget elementor-widget-image\" data-id=\"5d4e95f\" data-element_type=\"widget\" data-e-type=\"widget\" data-widget_type=\"image.default\">\n\t\t\t\t\t\t\t\t\t\t\t\t\t\t\t<img fetchpriority=\"high\" decoding=\"async\" width=\"682\" height=\"1024\" src=\"https:\/\/puertareal.ihermandad.es\/wp-content\/uploads\/2025\/08\/Nuestra-Senora-de-las-Mercedes-de-la-Puerta-Real.jpg\" class=\"attachment-2048x2048 size-2048x2048 wp-image-4022\" alt=\"Nuestra Se\u00f1ora de las Mercedes de la Puerta Real\" srcset=\"https:\/\/puertareal.ihermandad.es\/wp-content\/uploads\/2025\/08\/Nuestra-Senora-de-las-Mercedes-de-la-Puerta-Real.jpg 682w, https:\/\/puertareal.ihermandad.es\/wp-content\/uploads\/2025\/08\/Nuestra-Senora-de-las-Mercedes-de-la-Puerta-Real-200x300.jpg 200w\" sizes=\"(max-width: 682px) 100vw, 682px\" \/>\t\t\t\t\t\t\t\t\t\t\t\t\t\t\t<\/div>\n\t\t\t\t<\/div>\n\t\t\t\t\t<\/div>\n\t\t\t\t<\/div>\n\t\t\t\t<\/div>\n\t\t","protected":false},"excerpt":{"rendered":"<p>Nuestra Se\u00f1ora de las Mercedes Referencia hist\u00f3rica Titular de la Hermandad y de la Capilla, Patrona del barrio de la Puerta Real. Esta imagen debe su aspecto actual a Lu\u00eds \u00c1lvarez Duarte, quien la remodel\u00f3 sustancialmente en 1969 cuando este artista contaba la jovenc\u00edsima edad de 20 a\u00f1os, adquiriendo entonces la fisonom\u00eda que hoy ofrece. [&hellip;]<\/p>\n","protected":false},"author":2,"featured_media":0,"parent":0,"menu_order":0,"comment_status":"closed","ping_status":"closed","template":"","meta":{"footnotes":""},"class_list":["post-542","page","type-page","status-publish","hentry"],"_links":{"self":[{"href":"https:\/\/puertareal.ihermandad.es\/index.php?rest_route=\/wp\/v2\/pages\/542","targetHints":{"allow":["GET"]}}],"collection":[{"href":"https:\/\/puertareal.ihermandad.es\/index.php?rest_route=\/wp\/v2\/pages"}],"about":[{"href":"https:\/\/puertareal.ihermandad.es\/index.php?rest_route=\/wp\/v2\/types\/page"}],"author":[{"embeddable":true,"href":"https:\/\/puertareal.ihermandad.es\/index.php?rest_route=\/wp\/v2\/users\/2"}],"replies":[{"embeddable":true,"href":"https:\/\/puertareal.ihermandad.es\/index.php?rest_route=%2Fwp%2Fv2%2Fcomments&post=542"}],"version-history":[{"count":9,"href":"https:\/\/puertareal.ihermandad.es\/index.php?rest_route=\/wp\/v2\/pages\/542\/revisions"}],"predecessor-version":[{"id":4028,"href":"https:\/\/puertareal.ihermandad.es\/index.php?rest_route=\/wp\/v2\/pages\/542\/revisions\/4028"}],"wp:attachment":[{"href":"https:\/\/puertareal.ihermandad.es\/index.php?rest_route=%2Fwp%2Fv2%2Fmedia&parent=542"}],"curies":[{"name":"wp","href":"https:\/\/api.w.org\/{rel}","templated":true}]}}