{"id":548,"date":"2013-11-11T09:06:22","date_gmt":"2013-11-11T09:06:22","guid":{"rendered":"http:\/\/www.mercedespuertareal.com\/?page_id=548"},"modified":"2025-11-07T17:29:41","modified_gmt":"2025-11-07T17:29:41","slug":"san-fernando-rey","status":"publish","type":"page","link":"https:\/\/puertareal.ihermandad.es\/?page_id=548","title":{"rendered":"San Fernando Rey"},"content":{"rendered":"\t\t<div data-elementor-type=\"wp-page\" data-elementor-id=\"548\" class=\"elementor elementor-548\" data-elementor-post-type=\"page\">\n\t\t\t\t<div class=\"elementor-element elementor-element-f63a612 e-flex e-con-boxed e-con e-parent\" data-id=\"f63a612\" data-element_type=\"container\" data-e-type=\"container\">\n\t\t\t\t\t<div class=\"e-con-inner\">\n\t\t\t\t<div class=\"elementor-element elementor-element-ac1b019 elementor-widget elementor-widget-heading\" data-id=\"ac1b019\" data-element_type=\"widget\" data-e-type=\"widget\" data-widget_type=\"heading.default\">\n\t\t\t\t\t<h2 class=\"elementor-heading-title elementor-size-default\">San Fernando Rey<\/h2>\t\t\t\t<\/div>\n\t\t\t\t\t<\/div>\n\t\t\t\t<\/div>\n\t\t<div class=\"elementor-element elementor-element-efac372 e-flex e-con-boxed e-con e-parent\" data-id=\"efac372\" data-element_type=\"container\" data-e-type=\"container\">\n\t\t\t\t\t<div class=\"e-con-inner\">\n\t\t<div class=\"elementor-element elementor-element-89384e2 e-con-full e-flex e-con e-child\" data-id=\"89384e2\" data-element_type=\"container\" data-e-type=\"container\">\n\t\t\t\t<div class=\"elementor-element elementor-element-06a43c4 elementor-widget__width-initial elementor-widget elementor-widget-text-editor\" data-id=\"06a43c4\" data-element_type=\"widget\" data-e-type=\"widget\" data-widget_type=\"text-editor.default\">\n\t\t\t\t\t\t\t\t\t<p>La talla de San Fernando Rey fue realizada en 1987 por Manuel Hern\u00e1ndez Le\u00f3n, siendo esta a tama\u00f1o acad\u00e9mico. Es una escultura moderna, copia de la existente en la sacrist\u00eda de la Santa Iglesia Catedral de Sevilla.<\/p><p>La advocaci\u00f3n de San Fernando Rey, recientemente incorporada al nomencl\u00e1tor oficial de la Hermandad, carec\u00eda de representaciones pl\u00e1sticas a excepci\u00f3n del Gui\u00f3n.<\/p><p>A un precio muy asequible se adquiri\u00f3 cierta figura de serie antigua de Olot, no obstante su car\u00e1cter industrial lo representa con bastante decoro, por estar sacada de un molde y de un tipo ya algo rom\u00e1ntico. Posee los atributos propios de la figura del Santo: espada, bola del mundo y capa real de terciopelo rojo.<\/p><p>Se bendijo en la Capilla del Museo y de ah\u00ed fue llevada en sencilla procesi\u00f3n nocturna a la Puerta Real.<\/p><p>En 2005 la imagen fue cedida para el altar que instala habitualmente la Hermandad de Montserrat en el Corpus de la Sacramental de la Magdalena; al ser bajada de all\u00ed sufri\u00f3 un peque\u00f1o percance, despeg\u00e1ndose la mano izquierda donde porta la bola del mundo. Esta era de barro cocido y pesaba much\u00edsimo, desperfecto que arregl\u00f3 Jos\u00e9 Antonio Bravo Garc\u00eda, cambi\u00e1ndole dicha bola del mundo por otra de madera e introduci\u00e9ndole en el brazo izquierdo un clavo para su fijaci\u00f3n. Adem\u00e1s limpi\u00f3 toda la imagen, que estaba totalmente ennegrecida por muchos repintes que ten\u00eda. As\u00ed remozada, en 2006 volvi\u00f3 a ser cedida fraternalmente a Montserrat para su altar eucar\u00edstico, ya que el a\u00f1o anterior hubo lluvia.<\/p>\t\t\t\t\t\t\t\t<\/div>\n\t\t\t\t<\/div>\n\t\t<div class=\"elementor-element elementor-element-6d7264d e-con-full e-flex e-con e-child\" data-id=\"6d7264d\" data-element_type=\"container\" data-e-type=\"container\">\n\t\t\t\t<div class=\"elementor-element elementor-element-1b95f2f elementor-widget__width-inherit elementor-widget elementor-widget-image\" data-id=\"1b95f2f\" data-element_type=\"widget\" data-e-type=\"widget\" data-widget_type=\"image.default\">\n\t\t\t\t\t\t\t\t\t\t\t\t\t\t\t<img fetchpriority=\"high\" decoding=\"async\" width=\"389\" height=\"603\" src=\"https:\/\/puertareal.ihermandad.es\/wp-content\/uploads\/2025\/11\/San-Fernando-Rey.jpg\" class=\"attachment-2048x2048 size-2048x2048 wp-image-4048\" alt=\"San Fernando Rey\" srcset=\"https:\/\/puertareal.ihermandad.es\/wp-content\/uploads\/2025\/11\/San-Fernando-Rey.jpg 389w, https:\/\/puertareal.ihermandad.es\/wp-content\/uploads\/2025\/11\/San-Fernando-Rey-194x300.jpg 194w\" sizes=\"(max-width: 389px) 100vw, 389px\" \/>\t\t\t\t\t\t\t\t\t\t\t\t\t\t\t<\/div>\n\t\t\t\t<\/div>\n\t\t\t\t\t<\/div>\n\t\t\t\t<\/div>\n\t\t\t\t<\/div>\n\t\t","protected":false},"excerpt":{"rendered":"<p>San Fernando Rey La talla de San Fernando Rey fue realizada en 1987 por Manuel Hern\u00e1ndez Le\u00f3n, siendo esta a tama\u00f1o acad\u00e9mico. Es una escultura moderna, copia de la existente en la sacrist\u00eda de la Santa Iglesia Catedral de Sevilla. La advocaci\u00f3n de San Fernando Rey, recientemente incorporada al nomencl\u00e1tor oficial de la Hermandad, carec\u00eda [&hellip;]<\/p>\n","protected":false},"author":2,"featured_media":0,"parent":0,"menu_order":0,"comment_status":"closed","ping_status":"closed","template":"","meta":{"footnotes":""},"class_list":["post-548","page","type-page","status-publish","hentry"],"_links":{"self":[{"href":"https:\/\/puertareal.ihermandad.es\/index.php?rest_route=\/wp\/v2\/pages\/548","targetHints":{"allow":["GET"]}}],"collection":[{"href":"https:\/\/puertareal.ihermandad.es\/index.php?rest_route=\/wp\/v2\/pages"}],"about":[{"href":"https:\/\/puertareal.ihermandad.es\/index.php?rest_route=\/wp\/v2\/types\/page"}],"author":[{"embeddable":true,"href":"https:\/\/puertareal.ihermandad.es\/index.php?rest_route=\/wp\/v2\/users\/2"}],"replies":[{"embeddable":true,"href":"https:\/\/puertareal.ihermandad.es\/index.php?rest_route=%2Fwp%2Fv2%2Fcomments&post=548"}],"version-history":[{"count":6,"href":"https:\/\/puertareal.ihermandad.es\/index.php?rest_route=\/wp\/v2\/pages\/548\/revisions"}],"predecessor-version":[{"id":4054,"href":"https:\/\/puertareal.ihermandad.es\/index.php?rest_route=\/wp\/v2\/pages\/548\/revisions\/4054"}],"wp:attachment":[{"href":"https:\/\/puertareal.ihermandad.es\/index.php?rest_route=%2Fwp%2Fv2%2Fmedia&parent=548"}],"curies":[{"name":"wp","href":"https:\/\/api.w.org\/{rel}","templated":true}]}}