{"id":805,"date":"2013-11-14T12:30:09","date_gmt":"2013-11-14T12:30:09","guid":{"rendered":"http:\/\/www.mercedespuertareal.com\/?page_id=805"},"modified":"2025-08-28T07:25:21","modified_gmt":"2025-08-28T07:25:21","slug":"insignias","status":"publish","type":"page","link":"https:\/\/puertareal.ihermandad.es\/?page_id=805","title":{"rendered":"Insignias"},"content":{"rendered":"\t\t<div data-elementor-type=\"wp-page\" data-elementor-id=\"805\" class=\"elementor elementor-805\" data-elementor-post-type=\"page\">\n\t\t\t\t<div class=\"elementor-element elementor-element-214b9ce1 e-flex e-con-boxed e-con e-parent\" data-id=\"214b9ce1\" data-element_type=\"container\" data-e-type=\"container\">\n\t\t\t\t\t<div class=\"e-con-inner\">\n\t\t\t\t<div class=\"elementor-element elementor-element-9f860c9 elementor-widget elementor-widget-heading\" data-id=\"9f860c9\" data-element_type=\"widget\" data-e-type=\"widget\" data-widget_type=\"heading.default\">\n\t\t\t\t\t<h2 class=\"elementor-heading-title elementor-size-default\">Insignias<\/h2>\t\t\t\t<\/div>\n\t\t\t\t\t<\/div>\n\t\t\t\t<\/div>\n\t\t<div class=\"elementor-element elementor-element-0f2f8ab e-flex e-con-boxed e-con e-parent\" data-id=\"0f2f8ab\" data-element_type=\"container\" data-e-type=\"container\">\n\t\t\t\t\t<div class=\"e-con-inner\">\n\t\t<div class=\"elementor-element elementor-element-f5b1292 e-con-full e-flex e-con e-child\" data-id=\"f5b1292\" data-element_type=\"container\" data-e-type=\"container\">\n\t\t\t\t<div class=\"elementor-element elementor-element-8b003ac elementor-widget__width-initial elementor-widget elementor-widget-text-editor\" data-id=\"8b003ac\" data-element_type=\"widget\" data-e-type=\"widget\" data-widget_type=\"text-editor.default\">\n\t\t\t\t\t\t\t\t\t<ul><li><strong>CRUZ DE GU\u00cdA<\/strong>: madera tallada y dorada realizada por Guzm\u00e1n Bejarano. Lleva el escudo mercedario en el travesa\u00f1o.<\/li><li><strong>FAROLES<\/strong>: Exagonales y decorados con angelitos. Villareal, 1974.<\/li><li><p><strong>BANDER\u00cdN MERCEDARIO<\/strong>: de color rojo y bordado de Rinc\u00f3n Galicia en 1970, el asta y la vara de Celis. Posteriormente se le han a\u00f1adido cintas alusivas a la Coronaci\u00f3n de la Se\u00f1ora.<\/p><\/li><li><p><strong>GUI\u00d3N DE SAN FERNANDO<\/strong>: preciosa insignia, del a\u00f1o 1970. La gran cultura del artista le inspir\u00f3 su confecci\u00f3n sobre damasco morado con bordados a realce y recortes, que efectivamente es el color simb\u00f3lico del antiguo reino de Castilla, y adem\u00e1s incluy\u00f3 aqu\u00ed una representaci\u00f3n de la primitiva Puerta Real o de Goles, en mala hora derribada, que tan vinculada estuvo a la presente devoci\u00f3n mercedaria.<\/p><p>Asta labrada por los hermanos Celis y rematada por una peque\u00f1a estatuilla del 17 Santo Monarca, fundida seg\u00fan modelo de \u00c1lvarez Duarte (por aquel entonces el artista era vecino del barrio y ten\u00eda su estudio a dos pasos de la capilla, en la calle Aguiar). En su env\u00e9s lleva la siguiente leyenda: \u201cFernando quebrant\u00f3 las puertas de hierro de Sevilla y el nombre de Fernando brilla entre los astros del cielo\u201d.<\/p><\/li><li><p><strong>PALMA<\/strong>: Bandera Mariana, estrenada en 1976 y que llam\u00f3 mucho la atenci\u00f3n por su desacostumbrado aspecto. El pa\u00f1o se refiere a la Asunci\u00f3n, pero el asta es una palma met\u00e1lica (recordando al Misterio de Elche), coronada a su vez por una peque\u00f1a Inmaculada. A pesar de su originalidad, de su buena intenci\u00f3n y simbolismo, no se puede decir que esta insignia fuera precisamente un \u00e9xito, por salirse de la t\u00f3nica normal cofradiera sevillana. Actualmente suele quedar piadosamente \u00abolvidada\u00bb al organizarse el desfile procesional.<\/p><\/li><li><p><strong>LIBRO DE REGLAS<\/strong>: en plata de ley, cuyo metal se sac\u00f3 de las ricas monedas (antiguas piezas alfonsinas) que una persona devota deposit\u00f3 an\u00f3nimamente en el cepillo de la capilla. Repujado por Jes\u00fas Dom\u00ednguez, 1962. La estampa decimon\u00f3nica del Cristo de la Redenci\u00f3n que va en su interior, es aprovechada, pues bien claramente se ve el t\u00edtulo pegado y a\u00f1adido; de todas formas tiene su sabor y encanto, como corresponde a una l\u00e1mina del malague\u00f1o Francisco Mitjana.<\/p><\/li><li><p><strong>ESTANDARTE CORPORATIVO<\/strong>: bordado en oro sobre tis\u00fa de plata.\u00a0Es la \u00fanica insignia no bordada por Rinc\u00f3n, sino que fue realizada por Carrasquilla en los a\u00f1os 40. Ha conocido varias renovaciones del tejido que lo sustenta, una de ellas creemos que en 1962.\u00a0Primeramente estuvo sobre terciopelo blanco y luego sobre tis\u00fa de plata, pero por ser telas poco sufridas, que se ensuciaban o ennegrec\u00edan f\u00e1cilmente, en 1982 se cambi\u00f3 a terciopelo burdeos. No obstante, el af\u00e1n por recuperar los elementos propios de la iconograf\u00eda mercedaria llev\u00f3 a recuperar el color y tejido original, restaur\u00e1ndose en 2013 por el taller Mariano Mart\u00edn Santonja.<\/p><\/li><\/ul>\t\t\t\t\t\t\t\t<\/div>\n\t\t\t\t<\/div>\n\t\t<div class=\"elementor-element elementor-element-38d44ae e-con-full e-flex e-con e-child\" data-id=\"38d44ae\" data-element_type=\"container\" data-e-type=\"container\">\n\t\t\t\t<div class=\"elementor-element elementor-element-3d47b2e elementor-widget elementor-widget-gallery\" data-id=\"3d47b2e\" data-element_type=\"widget\" data-e-type=\"widget\" data-settings=\"{&quot;gallery_layout&quot;:&quot;masonry&quot;,&quot;columns&quot;:3,&quot;gap&quot;:{&quot;unit&quot;:&quot;px&quot;,&quot;size&quot;:14,&quot;sizes&quot;:[]},&quot;lazyload&quot;:&quot;yes&quot;,&quot;columns_tablet&quot;:2,&quot;columns_mobile&quot;:1,&quot;gap_tablet&quot;:{&quot;unit&quot;:&quot;px&quot;,&quot;size&quot;:10,&quot;sizes&quot;:[]},&quot;gap_mobile&quot;:{&quot;unit&quot;:&quot;px&quot;,&quot;size&quot;:10,&quot;sizes&quot;:[]},&quot;link_to&quot;:&quot;file&quot;,&quot;overlay_background&quot;:&quot;yes&quot;,&quot;content_hover_animation&quot;:&quot;fade-in&quot;}\" data-widget_type=\"gallery.default\">\n\t\t\t\t\t\t\t<div class=\"elementor-gallery__container\">\n\t\t\t\t\t\t\t<a class=\"e-gallery-item elementor-gallery-item elementor-animated-content\" href=\"https:\/\/puertareal.ihermandad.es\/wp-content\/uploads\/2025\/08\/Cruz-de-Guia-Mercedes-Puerta-Real1.jpg\" data-elementor-open-lightbox=\"yes\" data-elementor-lightbox-slideshow=\"3d47b2e\" data-elementor-lightbox-title=\"Cruz de Gu\u00eda Mercedes Puerta Real\" data-elementor-lightbox-description=\"Cruz de Gu\u00eda Mercedes Puerta Real\" data-e-action-hash=\"#elementor-action%3Aaction%3Dlightbox%26settings%3DeyJpZCI6NDAwNiwidXJsIjoiaHR0cHM6XC9cL3B1ZXJ0YXJlYWwuaWhlcm1hbmRhZC5lc1wvd3AtY29udGVudFwvdXBsb2Fkc1wvMjAyNVwvMDhcL0NydXotZGUtR3VpYS1NZXJjZWRlcy1QdWVydGEtUmVhbDEuanBnIiwic2xpZGVzaG93IjoiM2Q0N2IyZSJ9\">\n\t\t\t\t\t<div class=\"e-gallery-image elementor-gallery-item__image\" data-thumbnail=\"https:\/\/puertareal.ihermandad.es\/wp-content\/uploads\/2025\/08\/Cruz-de-Guia-Mercedes-Puerta-Real1.jpg\" data-width=\"500\" data-height=\"335\" aria-label=\"Cruz de Gu\u00eda Mercedes Puerta Real\" role=\"img\" ><\/div>\n\t\t\t\t\t\t\t\t\t\t\t<div class=\"elementor-gallery-item__overlay\"><\/div>\n\t\t\t\t\t\t\t\t\t\t\t\t\t\t<\/a>\n\t\t\t\t\t\t\t<a class=\"e-gallery-item elementor-gallery-item elementor-animated-content\" href=\"https:\/\/puertareal.ihermandad.es\/wp-content\/uploads\/2025\/08\/Cruz-de-Guia-Mercedes-Puerta-Real2.jpg\" data-elementor-open-lightbox=\"yes\" data-elementor-lightbox-slideshow=\"3d47b2e\" data-elementor-lightbox-title=\"Cruz de Gu\u00eda Mercedes Puerta Real\" data-elementor-lightbox-description=\"Cruz de Gu\u00eda Mercedes Puerta Real\" data-e-action-hash=\"#elementor-action%3Aaction%3Dlightbox%26settings%3DeyJpZCI6NDAwNywidXJsIjoiaHR0cHM6XC9cL3B1ZXJ0YXJlYWwuaWhlcm1hbmRhZC5lc1wvd3AtY29udGVudFwvdXBsb2Fkc1wvMjAyNVwvMDhcL0NydXotZGUtR3VpYS1NZXJjZWRlcy1QdWVydGEtUmVhbDIuanBnIiwic2xpZGVzaG93IjoiM2Q0N2IyZSJ9\">\n\t\t\t\t\t<div class=\"e-gallery-image elementor-gallery-item__image\" data-thumbnail=\"https:\/\/puertareal.ihermandad.es\/wp-content\/uploads\/2025\/08\/Cruz-de-Guia-Mercedes-Puerta-Real2.jpg\" data-width=\"500\" data-height=\"335\" aria-label=\"Cruz de Gu\u00eda Mercedes Puerta Real\" role=\"img\" ><\/div>\n\t\t\t\t\t\t\t\t\t\t\t<div class=\"elementor-gallery-item__overlay\"><\/div>\n\t\t\t\t\t\t\t\t\t\t\t\t\t\t<\/a>\n\t\t\t\t\t\t\t<a class=\"e-gallery-item elementor-gallery-item elementor-animated-content\" href=\"https:\/\/puertareal.ihermandad.es\/wp-content\/uploads\/2025\/08\/Cruz-de-Guia-Mercedes-Puerta-Real.jpg\" data-elementor-open-lightbox=\"yes\" data-elementor-lightbox-slideshow=\"3d47b2e\" data-elementor-lightbox-title=\"Cruz de Gu\u00eda Mercedes Puerta Real\" data-elementor-lightbox-description=\"Cruz de Gu\u00eda Mercedes Puerta Real\" data-e-action-hash=\"#elementor-action%3Aaction%3Dlightbox%26settings%3DeyJpZCI6NDAwOCwidXJsIjoiaHR0cHM6XC9cL3B1ZXJ0YXJlYWwuaWhlcm1hbmRhZC5lc1wvd3AtY29udGVudFwvdXBsb2Fkc1wvMjAyNVwvMDhcL0NydXotZGUtR3VpYS1NZXJjZWRlcy1QdWVydGEtUmVhbC5qcGciLCJzbGlkZXNob3ciOiIzZDQ3YjJlIn0%3D\">\n\t\t\t\t\t<div class=\"e-gallery-image elementor-gallery-item__image\" data-thumbnail=\"https:\/\/puertareal.ihermandad.es\/wp-content\/uploads\/2025\/08\/Cruz-de-Guia-Mercedes-Puerta-Real.jpg\" data-width=\"400\" data-height=\"598\" aria-label=\"Cruz de Gu\u00eda Mercedes Puerta Real\" role=\"img\" ><\/div>\n\t\t\t\t\t\t\t\t\t\t\t<div class=\"elementor-gallery-item__overlay\"><\/div>\n\t\t\t\t\t\t\t\t\t\t\t\t\t\t<\/a>\n\t\t\t\t\t\t\t<a class=\"e-gallery-item elementor-gallery-item elementor-animated-content\" href=\"https:\/\/puertareal.ihermandad.es\/wp-content\/uploads\/2025\/08\/Estandarte-Mercedes-Puerta-Real-2.jpg\" data-elementor-open-lightbox=\"yes\" data-elementor-lightbox-slideshow=\"3d47b2e\" data-elementor-lightbox-title=\"Estandarte Mercedes Puerta Real\" data-elementor-lightbox-description=\"Estandarte Mercedes Puerta Real\" data-e-action-hash=\"#elementor-action%3Aaction%3Dlightbox%26settings%3DeyJpZCI6NDAwOSwidXJsIjoiaHR0cHM6XC9cL3B1ZXJ0YXJlYWwuaWhlcm1hbmRhZC5lc1wvd3AtY29udGVudFwvdXBsb2Fkc1wvMjAyNVwvMDhcL0VzdGFuZGFydGUtTWVyY2VkZXMtUHVlcnRhLVJlYWwtMi5qcGciLCJzbGlkZXNob3ciOiIzZDQ3YjJlIn0%3D\">\n\t\t\t\t\t<div class=\"e-gallery-image elementor-gallery-item__image\" data-thumbnail=\"https:\/\/puertareal.ihermandad.es\/wp-content\/uploads\/2025\/08\/Estandarte-Mercedes-Puerta-Real-2.jpg\" data-width=\"500\" data-height=\"335\" aria-label=\"Estandarte Mercedes Puerta Real\" role=\"img\" ><\/div>\n\t\t\t\t\t\t\t\t\t\t\t<div class=\"elementor-gallery-item__overlay\"><\/div>\n\t\t\t\t\t\t\t\t\t\t\t\t\t\t<\/a>\n\t\t\t\t\t\t\t<a class=\"e-gallery-item elementor-gallery-item elementor-animated-content\" href=\"https:\/\/puertareal.ihermandad.es\/wp-content\/uploads\/2025\/08\/Estandarte-Mercedes-Puerta-Real.jpg\" data-elementor-open-lightbox=\"yes\" data-elementor-lightbox-slideshow=\"3d47b2e\" data-elementor-lightbox-title=\"Estandarte Mercedes Puerta Real\" data-elementor-lightbox-description=\"Estandarte Mercedes Puerta Real \" data-e-action-hash=\"#elementor-action%3Aaction%3Dlightbox%26settings%3DeyJpZCI6NDAxMCwidXJsIjoiaHR0cHM6XC9cL3B1ZXJ0YXJlYWwuaWhlcm1hbmRhZC5lc1wvd3AtY29udGVudFwvdXBsb2Fkc1wvMjAyNVwvMDhcL0VzdGFuZGFydGUtTWVyY2VkZXMtUHVlcnRhLVJlYWwuanBnIiwic2xpZGVzaG93IjoiM2Q0N2IyZSJ9\">\n\t\t\t\t\t<div class=\"e-gallery-image elementor-gallery-item__image\" data-thumbnail=\"https:\/\/puertareal.ihermandad.es\/wp-content\/uploads\/2025\/08\/Estandarte-Mercedes-Puerta-Real.jpg\" data-width=\"500\" data-height=\"750\" aria-label=\"Estandarte Mercedes Puerta Real\" role=\"img\" ><\/div>\n\t\t\t\t\t\t\t\t\t\t\t<div class=\"elementor-gallery-item__overlay\"><\/div>\n\t\t\t\t\t\t\t\t\t\t\t\t\t\t<\/a>\n\t\t\t\t\t\t\t<a class=\"e-gallery-item elementor-gallery-item elementor-animated-content\" href=\"https:\/\/puertareal.ihermandad.es\/wp-content\/uploads\/2025\/08\/Faroz-Mercedes-Puerta-Real.jpg\" data-elementor-open-lightbox=\"yes\" data-elementor-lightbox-slideshow=\"3d47b2e\" data-elementor-lightbox-title=\"Farol Mercedes Pta. Real\" data-elementor-lightbox-description=\"Farol Mercedes Pta. Real\" data-e-action-hash=\"#elementor-action%3Aaction%3Dlightbox%26settings%3DeyJpZCI6NDAxMSwidXJsIjoiaHR0cHM6XC9cL3B1ZXJ0YXJlYWwuaWhlcm1hbmRhZC5lc1wvd3AtY29udGVudFwvdXBsb2Fkc1wvMjAyNVwvMDhcL0Zhcm96LU1lcmNlZGVzLVB1ZXJ0YS1SZWFsLmpwZyIsInNsaWRlc2hvdyI6IjNkNDdiMmUifQ%3D%3D\">\n\t\t\t\t\t<div class=\"e-gallery-image elementor-gallery-item__image\" data-thumbnail=\"https:\/\/puertareal.ihermandad.es\/wp-content\/uploads\/2025\/08\/Faroz-Mercedes-Puerta-Real.jpg\" data-width=\"200\" data-height=\"541\" aria-label=\"Farol Mercedes Pta. Real\" role=\"img\" ><\/div>\n\t\t\t\t\t\t\t\t\t\t\t<div class=\"elementor-gallery-item__overlay\"><\/div>\n\t\t\t\t\t\t\t\t\t\t\t\t\t\t<\/a>\n\t\t\t\t\t\t\t<a class=\"e-gallery-item elementor-gallery-item elementor-animated-content\" href=\"https:\/\/puertareal.ihermandad.es\/wp-content\/uploads\/2025\/08\/Guion-S-Fernando-Mercedes-Puerta-Real.jpg\" data-elementor-open-lightbox=\"yes\" data-elementor-lightbox-slideshow=\"3d47b2e\" data-elementor-lightbox-title=\"Gui\u00f3n S Fernando Mercedes Puerta Real\" data-elementor-lightbox-description=\"Gui\u00f3n S Fernando Mercedes Puerta Real\" data-e-action-hash=\"#elementor-action%3Aaction%3Dlightbox%26settings%3DeyJpZCI6NDAxMiwidXJsIjoiaHR0cHM6XC9cL3B1ZXJ0YXJlYWwuaWhlcm1hbmRhZC5lc1wvd3AtY29udGVudFwvdXBsb2Fkc1wvMjAyNVwvMDhcL0d1aW9uLVMtRmVybmFuZG8tTWVyY2VkZXMtUHVlcnRhLVJlYWwuanBnIiwic2xpZGVzaG93IjoiM2Q0N2IyZSJ9\">\n\t\t\t\t\t<div class=\"e-gallery-image elementor-gallery-item__image\" data-thumbnail=\"https:\/\/puertareal.ihermandad.es\/wp-content\/uploads\/2025\/08\/Guion-S-Fernando-Mercedes-Puerta-Real.jpg\" data-width=\"320\" data-height=\"240\" aria-label=\"Gui\u00f3n S Fernando Mercedes Puerta Real\" role=\"img\" ><\/div>\n\t\t\t\t\t\t\t\t\t\t\t<div class=\"elementor-gallery-item__overlay\"><\/div>\n\t\t\t\t\t\t\t\t\t\t\t\t\t\t<\/a>\n\t\t\t\t\t\t\t<a class=\"e-gallery-item elementor-gallery-item elementor-animated-content\" href=\"https:\/\/puertareal.ihermandad.es\/wp-content\/uploads\/2025\/08\/Libro-Reglas-Mercedes-Puerta-Real-2.jpg\" data-elementor-open-lightbox=\"yes\" data-elementor-lightbox-slideshow=\"3d47b2e\" data-elementor-lightbox-title=\"Libro Reglas Mercedes Puerta Real\" data-elementor-lightbox-description=\"Libro Reglas Mercedes Puerta Real\" data-e-action-hash=\"#elementor-action%3Aaction%3Dlightbox%26settings%3DeyJpZCI6NDAxMywidXJsIjoiaHR0cHM6XC9cL3B1ZXJ0YXJlYWwuaWhlcm1hbmRhZC5lc1wvd3AtY29udGVudFwvdXBsb2Fkc1wvMjAyNVwvMDhcL0xpYnJvLVJlZ2xhcy1NZXJjZWRlcy1QdWVydGEtUmVhbC0yLmpwZyIsInNsaWRlc2hvdyI6IjNkNDdiMmUifQ%3D%3D\">\n\t\t\t\t\t<div class=\"e-gallery-image elementor-gallery-item__image\" data-thumbnail=\"https:\/\/puertareal.ihermandad.es\/wp-content\/uploads\/2025\/08\/Libro-Reglas-Mercedes-Puerta-Real-2.jpg\" data-width=\"500\" data-height=\"335\" aria-label=\"Libro Reglas Mercedes Puerta Real\" role=\"img\" ><\/div>\n\t\t\t\t\t\t\t\t\t\t\t<div class=\"elementor-gallery-item__overlay\"><\/div>\n\t\t\t\t\t\t\t\t\t\t\t\t\t\t<\/a>\n\t\t\t\t\t\t\t<a class=\"e-gallery-item elementor-gallery-item elementor-animated-content\" href=\"https:\/\/puertareal.ihermandad.es\/wp-content\/uploads\/2025\/08\/Libro-Reglas-Mercedes-Puerta-Real.jpg\" data-elementor-open-lightbox=\"yes\" data-elementor-lightbox-slideshow=\"3d47b2e\" data-elementor-lightbox-title=\"Libro Reglas Mercedes Puerta Real\" data-elementor-lightbox-description=\"Libro Reglas Mercedes Puerta Real\" data-e-action-hash=\"#elementor-action%3Aaction%3Dlightbox%26settings%3DeyJpZCI6NDAxNCwidXJsIjoiaHR0cHM6XC9cL3B1ZXJ0YXJlYWwuaWhlcm1hbmRhZC5lc1wvd3AtY29udGVudFwvdXBsb2Fkc1wvMjAyNVwvMDhcL0xpYnJvLVJlZ2xhcy1NZXJjZWRlcy1QdWVydGEtUmVhbC5qcGciLCJzbGlkZXNob3ciOiIzZDQ3YjJlIn0%3D\">\n\t\t\t\t\t<div class=\"e-gallery-image elementor-gallery-item__image\" data-thumbnail=\"https:\/\/puertareal.ihermandad.es\/wp-content\/uploads\/2025\/08\/Libro-Reglas-Mercedes-Puerta-Real.jpg\" data-width=\"500\" data-height=\"667\" aria-label=\"Libro Reglas Mercedes Puerta Real\" role=\"img\" ><\/div>\n\t\t\t\t\t\t\t\t\t\t\t<div class=\"elementor-gallery-item__overlay\"><\/div>\n\t\t\t\t\t\t\t\t\t\t\t\t\t\t<\/a>\n\t\t\t\t\t\t\t<a class=\"e-gallery-item elementor-gallery-item elementor-animated-content\" href=\"https:\/\/puertareal.ihermandad.es\/wp-content\/uploads\/2025\/08\/Patrimonio-Mercedes-Puerta-Real.jpg\" data-elementor-open-lightbox=\"yes\" data-elementor-lightbox-slideshow=\"3d47b2e\" data-elementor-lightbox-title=\"Patrimonio Mercedes Puerta Real\" data-elementor-lightbox-description=\"Patrimonio Mercedes Puerta Real\" data-e-action-hash=\"#elementor-action%3Aaction%3Dlightbox%26settings%3DeyJpZCI6NDAxNSwidXJsIjoiaHR0cHM6XC9cL3B1ZXJ0YXJlYWwuaWhlcm1hbmRhZC5lc1wvd3AtY29udGVudFwvdXBsb2Fkc1wvMjAyNVwvMDhcL1BhdHJpbW9uaW8tTWVyY2VkZXMtUHVlcnRhLVJlYWwuanBnIiwic2xpZGVzaG93IjoiM2Q0N2IyZSJ9\">\n\t\t\t\t\t<div class=\"e-gallery-image elementor-gallery-item__image\" data-thumbnail=\"https:\/\/puertareal.ihermandad.es\/wp-content\/uploads\/2025\/08\/Patrimonio-Mercedes-Puerta-Real.jpg\" data-width=\"500\" data-height=\"335\" aria-label=\"Patrimonio Mercedes Puerta Real\" role=\"img\" ><\/div>\n\t\t\t\t\t\t\t\t\t\t\t<div class=\"elementor-gallery-item__overlay\"><\/div>\n\t\t\t\t\t\t\t\t\t\t\t\t\t\t<\/a>\n\t\t\t\t\t<\/div>\n\t\t\t\t\t<\/div>\n\t\t\t\t<\/div>\n\t\t\t\t\t<\/div>\n\t\t\t\t<\/div>\n\t\t\t\t<\/div>\n\t\t","protected":false},"excerpt":{"rendered":"<p>Insignias CRUZ DE GU\u00cdA: madera tallada y dorada realizada por Guzm\u00e1n Bejarano. Lleva el escudo mercedario en el travesa\u00f1o. FAROLES: Exagonales y decorados con angelitos. Villareal, 1974. BANDER\u00cdN MERCEDARIO: de color rojo y bordado de Rinc\u00f3n Galicia en 1970, el asta y la vara de Celis. Posteriormente se le han a\u00f1adido cintas alusivas a la [&hellip;]<\/p>\n","protected":false},"author":2,"featured_media":0,"parent":0,"menu_order":0,"comment_status":"closed","ping_status":"closed","template":"","meta":{"footnotes":""},"class_list":["post-805","page","type-page","status-publish","hentry"],"_links":{"self":[{"href":"https:\/\/puertareal.ihermandad.es\/index.php?rest_route=\/wp\/v2\/pages\/805","targetHints":{"allow":["GET"]}}],"collection":[{"href":"https:\/\/puertareal.ihermandad.es\/index.php?rest_route=\/wp\/v2\/pages"}],"about":[{"href":"https:\/\/puertareal.ihermandad.es\/index.php?rest_route=\/wp\/v2\/types\/page"}],"author":[{"embeddable":true,"href":"https:\/\/puertareal.ihermandad.es\/index.php?rest_route=\/wp\/v2\/users\/2"}],"replies":[{"embeddable":true,"href":"https:\/\/puertareal.ihermandad.es\/index.php?rest_route=%2Fwp%2Fv2%2Fcomments&post=805"}],"version-history":[{"count":9,"href":"https:\/\/puertareal.ihermandad.es\/index.php?rest_route=\/wp\/v2\/pages\/805\/revisions"}],"predecessor-version":[{"id":4018,"href":"https:\/\/puertareal.ihermandad.es\/index.php?rest_route=\/wp\/v2\/pages\/805\/revisions\/4018"}],"wp:attachment":[{"href":"https:\/\/puertareal.ihermandad.es\/index.php?rest_route=%2Fwp%2Fv2%2Fmedia&parent=805"}],"curies":[{"name":"wp","href":"https:\/\/api.w.org\/{rel}","templated":true}]}}